{"id":3303,"date":"2019-09-25T20:28:01","date_gmt":"2019-09-25T20:28:01","guid":{"rendered":"https:\/\/Hochzeit.marjenau.de\/?page_id=3303"},"modified":"2019-09-26T23:19:35","modified_gmt":"2019-09-26T23:19:35","slug":"mitwirkende","status":"publish","type":"page","link":"https:\/\/Hochzeit.marjenau.de\/index.php\/mitwirkende\/","title":{"rendered":"Mitwirkende"},"content":{"rendered":"<blockquote>\n<p style=\"text-align: center;\">Wir m\u00f6chten uns ganz besonders bei denen bedanken, die uns mit Rat und Tat zur Seite gestanden haben. Ihr seid die Besten!<\/p>\n<\/blockquote>\n<p style=\"text-align: center;\"><span style=\"font-family: Handlee;\">In alphabetischer Reihenfolge:<\/span><\/p>\n<hr>\n<p style=\"text-align: center;\"><strong><span style=\"font-family: Handlee; font-size: 14pt; color: #999999;\">Andreas &#8211; Der Fotograf<\/span><\/strong><\/p>\n<p style=\"text-align: center;\"><img loading=\"lazy\" decoding=\"async\" class=\"alignnone size-libretto-oversized wp-image-3310\" src=\"https:\/\/Hochzeit.marjenau.de\/wp-content\/uploads\/2019\/09\/andreas-400x600.jpg\" alt=\"\" width=\"400\" height=\"600\" srcset=\"https:\/\/Hochzeit.marjenau.de\/wp-content\/uploads\/2019\/09\/andreas-400x600.jpg 400w, https:\/\/Hochzeit.marjenau.de\/wp-content\/uploads\/2019\/09\/andreas-200x300.jpg 200w, https:\/\/Hochzeit.marjenau.de\/wp-content\/uploads\/2019\/09\/andreas.jpg 683w, https:\/\/Hochzeit.marjenau.de\/wp-content\/uploads\/2019\/09\/andreas-133x200.jpg 133w, https:\/\/Hochzeit.marjenau.de\/wp-content\/uploads\/2019\/09\/andreas-667x1000.jpg 667w\" sizes=\"auto, (max-width: 400px) 100vw, 400px\" \/><\/p>\n<p style=\"text-align: center;\"><span style=\"font-family: Handlee; font-size: 14pt; color: #800000;\">Danke Andreas, dass Du die Erinnerungen f\u00fcr uns festgehalten hast. Du hast uns stets bei den Shootings prima angeleitet unsere Nervosit\u00e4t genommen, alle Leute bei den Gruppenfotos perfekt umpositioniert (&#8222;Neee&#8230;ihr steht schon prima so&#8230;falls ihr &#8217;ne Fussballmannschaft seid.&#8220;)&nbsp; und warst stets &#8222;unsichtbar&#8220; w\u00e4hrend Du deine Aufnahmen gemacht hast. Besonders werden uns die beiden tollen Shootingtermine in Erinnerung bleiben.<\/span><\/p>\n<p style=\"text-align: center;\"><span style=\"font-family: Handlee; font-size: 12pt;\">P.S.: Leider haben wir kein besseres Foto von Dir &#8211; du konntest dich ja kaum selber fotografieren. <span style=\"font-family: arial, helvetica, sans-serif;\">\ud83d\ude09<\/span><br \/>\n<\/span><\/p>\n<hr>\n<p style=\"text-align: center;\"><strong><span style=\"font-family: Handlee; font-size: 14pt; color: #999999;\">Hans &#8211; Rainers Trauzeuge, Sektempfangschef, Zuh\u00f6rer und wertvoller Ratgeber<\/span><\/strong><\/p>\n<p style=\"text-align: center;\"><img loading=\"lazy\" decoding=\"async\" class=\"alignnone size-libretto-oversized wp-image-2366\" src=\"https:\/\/Hochzeit.marjenau.de\/wp-content\/uploads\/2019\/09\/GR_1445-900x600.jpg\" alt=\"\" width=\"720\" height=\"480\" srcset=\"https:\/\/Hochzeit.marjenau.de\/wp-content\/uploads\/2019\/09\/GR_1445-900x600.jpg 900w, https:\/\/Hochzeit.marjenau.de\/wp-content\/uploads\/2019\/09\/GR_1445-300x200.jpg 300w, https:\/\/Hochzeit.marjenau.de\/wp-content\/uploads\/2019\/09\/GR_1445-768x512.jpg 768w, https:\/\/Hochzeit.marjenau.de\/wp-content\/uploads\/2019\/09\/GR_1445.jpg 1024w, https:\/\/Hochzeit.marjenau.de\/wp-content\/uploads\/2019\/09\/GR_1445-200x133.jpg 200w, https:\/\/Hochzeit.marjenau.de\/wp-content\/uploads\/2019\/09\/GR_1445-600x400.jpg 600w\" sizes=\"auto, (max-width: 720px) 100vw, 720px\" \/><\/p>\n<p style=\"text-align: center;\"><span style=\"font-family: Handlee; color: #800000; font-size: 14pt;\">Du hast nicht nur den Junggesllenabschied organisiert, uns beim Sektempfang vertreten und dich mit den Musikern rumgeschlagen, sondern Rainer zum Traualtar geleitet und ihm damit ein St\u00fcck Sicherheit gegeben und Nervosit\u00e4t genommen. Alles was man sonst noch sagen k\u00f6nnte, hat Rainer in seiner Rede bereits erw\u00e4hnt. Manchmal wiegt ein &#8222;Danke&#8220; mehr als 1000 Worte. <\/span><\/p>\n<hr>\n<p style=\"text-align: center;\"><strong><span style=\"color: #808080; font-family: Handlee; font-size: 14pt;\">Ina &#8211; Beraterin,&nbsp; Mikes Baldriantropfen<\/span><\/strong><\/p>\n<p style=\"text-align: center;\"><img loading=\"lazy\" decoding=\"async\" class=\"alignnone size-libretto-oversized wp-image-2378\" src=\"https:\/\/Hochzeit.marjenau.de\/wp-content\/uploads\/2019\/09\/GR_1488-900x600.jpg\" alt=\"\" width=\"720\" height=\"480\" srcset=\"https:\/\/Hochzeit.marjenau.de\/wp-content\/uploads\/2019\/09\/GR_1488-900x600.jpg 900w, https:\/\/Hochzeit.marjenau.de\/wp-content\/uploads\/2019\/09\/GR_1488-300x200.jpg 300w, https:\/\/Hochzeit.marjenau.de\/wp-content\/uploads\/2019\/09\/GR_1488-768x512.jpg 768w, https:\/\/Hochzeit.marjenau.de\/wp-content\/uploads\/2019\/09\/GR_1488.jpg 1024w, https:\/\/Hochzeit.marjenau.de\/wp-content\/uploads\/2019\/09\/GR_1488-200x133.jpg 200w, https:\/\/Hochzeit.marjenau.de\/wp-content\/uploads\/2019\/09\/GR_1488-600x400.jpg 600w\" sizes=\"auto, (max-width: 720px) 100vw, 720px\" \/><\/p>\n<p style=\"text-align: center;\"><span style=\"font-family: Handlee; font-size: 14pt; color: #800000;\">Du warst immer an Mikes Seite.&nbsp; Wer von Euch beiden nun den anderen verr\u00fcckter gemacht hat, werden wir bei Gelegenheit bestimmt noch erfahren. Fest steht, dass Du nicht nur f\u00fcr Mike sondern auch f\u00fcr uns immer da warst.<br \/>\n<\/span><\/p>\n<hr>\n<p style=\"text-align: center;\"><strong><span style=\"font-family: Handlee; font-size: 14pt; color: #999999;\">Jens &amp; Sven<\/span><\/strong><\/p>\n<p style=\"text-align: center;\"><img loading=\"lazy\" decoding=\"async\" class=\"alignnone size-libretto-oversized wp-image-3313\" src=\"https:\/\/Hochzeit.marjenau.de\/wp-content\/uploads\/2019\/09\/sven_jens-900x600.jpg\" alt=\"\" width=\"720\" height=\"480\" srcset=\"https:\/\/Hochzeit.marjenau.de\/wp-content\/uploads\/2019\/09\/sven_jens-900x600.jpg 900w, https:\/\/Hochzeit.marjenau.de\/wp-content\/uploads\/2019\/09\/sven_jens-300x200.jpg 300w, https:\/\/Hochzeit.marjenau.de\/wp-content\/uploads\/2019\/09\/sven_jens-768x512.jpg 768w, https:\/\/Hochzeit.marjenau.de\/wp-content\/uploads\/2019\/09\/sven_jens.jpg 1024w, https:\/\/Hochzeit.marjenau.de\/wp-content\/uploads\/2019\/09\/sven_jens-200x133.jpg 200w\" sizes=\"auto, (max-width: 720px) 100vw, 720px\" \/><\/p>\n<p style=\"text-align: center;\"><span style=\"font-family: Handlee; font-size: 14pt; color: #993300;\">Zu einer perfekten Hochzeit geh\u00f6ren zwei perfekte Gitarristen! Ihr seit nicht nut tolle Freunde, sondern habt mit Eurem virtousen Gitarrenspiel w\u00e4hrend der Trauung Ruhe in unsere Nervosit\u00e4t gebracht. Es war einfach nur sch\u00f6n zuzuh\u00f6ren. <\/span><\/p>\n<p style=\"text-align: center;\"><span style=\"font-family: Handlee; font-size: 14pt; color: #993300;\"><span style=\"font-size: 12pt;\">(Der Sven kommt \u00fcbrigens etwas weiter unten nochmal)<\/span> <\/span><\/p>\n<hr>\n<p style=\"text-align: center;\"><strong><span style=\"font-family: Handlee; font-size: 14pt; color: #999999;\">Jil &#8211; Liebevolle Tochter, Bines Trauzeugin und Luftballon-Chefaufbl\u00e4serin <\/span><\/strong><\/p>\n<p style=\"text-align: center;\"><img loading=\"lazy\" decoding=\"async\" class=\"alignnone size-libretto-oversized wp-image-2380\" src=\"https:\/\/Hochzeit.marjenau.de\/wp-content\/uploads\/2019\/09\/GR_1494-900x600.jpg\" alt=\"\" width=\"720\" height=\"480\" srcset=\"https:\/\/Hochzeit.marjenau.de\/wp-content\/uploads\/2019\/09\/GR_1494-900x600.jpg 900w, https:\/\/Hochzeit.marjenau.de\/wp-content\/uploads\/2019\/09\/GR_1494-300x200.jpg 300w, https:\/\/Hochzeit.marjenau.de\/wp-content\/uploads\/2019\/09\/GR_1494-768x512.jpg 768w, https:\/\/Hochzeit.marjenau.de\/wp-content\/uploads\/2019\/09\/GR_1494.jpg 1024w, https:\/\/Hochzeit.marjenau.de\/wp-content\/uploads\/2019\/09\/GR_1494-200x133.jpg 200w, https:\/\/Hochzeit.marjenau.de\/wp-content\/uploads\/2019\/09\/GR_1494-600x400.jpg 600w\" sizes=\"auto, (max-width: 720px) 100vw, 720px\" \/><\/p>\n<p style=\"text-align: center;\"><span style=\"font-family: Handlee; font-size: 14pt; color: #800000;\">Auch wenn du uns manchmal regelrecht mit deiner verr\u00fcckten Art richtig nerven kannst, hast du deine Mutter doch auf wundersameweise bei Ihren Vorbereitungen in Ruhe gelassen. Vielleicht war auch nur deine Puste nach dem Aufblasen der Luftballons am Ende. \ud83d\ude42 <\/span><\/p>\n<p style=\"text-align: center;\"><span style=\"font-family: Handlee; font-size: 14pt; color: #800000;\">Du hast dich so sehr mit uns gefreut und warst teilweise aufgeregter als wir. Das war so sch\u00f6n zu erleben.<br \/>\n<\/span><\/p>\n<p style=\"text-align: center;\"><span style=\"font-family: Handlee; font-size: 14pt;\"><span style=\"color: #800000;\">Dass wir ohne Dich niemals zusammenkommen konnten, ist wohl seit diesem Tag jedem klar &#8211; wir haben dich unbeschreiblich lieb!<\/span> <\/span><\/p>\n<hr>\n<p style=\"text-align: center;\"><span style=\"font-size: 14pt;\"><strong><span style=\"font-family: Handlee; color: #999999;\">Julie &#8211; Hochzeits\u00e4ngerin und Rainers kleine &#8222;Fast-Schwester&#8220;<span style=\"font-family: arial, helvetica, sans-serif;\"> \ud83d\ude09<\/span><br \/>\n<\/span><\/strong><\/span><\/p>\n<p style=\"text-align: center;\"><img loading=\"lazy\" decoding=\"async\" class=\"alignnone size-libretto-oversized wp-image-2361\" src=\"https:\/\/Hochzeit.marjenau.de\/wp-content\/uploads\/2019\/09\/GR_1398-900x600.jpg\" alt=\"\" width=\"720\" height=\"480\" srcset=\"https:\/\/Hochzeit.marjenau.de\/wp-content\/uploads\/2019\/09\/GR_1398-900x600.jpg 900w, https:\/\/Hochzeit.marjenau.de\/wp-content\/uploads\/2019\/09\/GR_1398-300x200.jpg 300w, https:\/\/Hochzeit.marjenau.de\/wp-content\/uploads\/2019\/09\/GR_1398-768x512.jpg 768w, https:\/\/Hochzeit.marjenau.de\/wp-content\/uploads\/2019\/09\/GR_1398.jpg 1024w, https:\/\/Hochzeit.marjenau.de\/wp-content\/uploads\/2019\/09\/GR_1398-200x133.jpg 200w, https:\/\/Hochzeit.marjenau.de\/wp-content\/uploads\/2019\/09\/GR_1398-600x400.jpg 600w\" sizes=\"auto, (max-width: 720px) 100vw, 720px\" \/><\/p>\n<p style=\"text-align: center;\"><span style=\"font-family: Handlee; font-size: 14pt; color: #800000;\">Du hast uns mit deinem Gesang und unserem Titelwunsch &#8222;Black is the Colour&#8220; w\u00e4hrend der Trauung einen Herzenswusch erf\u00fcllt und wir haben jetzt noch G\u00e4nsehaut bei dem Gedanken daran. Unendlich sch\u00f6n!<\/span><\/p>\n<hr>\n<p style=\"text-align: center;\"><strong><span style=\"font-family: Handlee; font-size: 14pt; color: #999999;\">Mike &#8211; Trauredner und emotionalster Freund<\/span><\/strong><\/p>\n<p style=\"text-align: center;\"><span style=\"font-family: Handlee; font-size: 14pt;\"><img loading=\"lazy\" decoding=\"async\" class=\"size-libretto-oversized wp-image-2377 aligncenter\" src=\"https:\/\/Hochzeit.marjenau.de\/wp-content\/uploads\/2019\/09\/GR_1485-900x600.jpg\" alt=\"\" width=\"720\" height=\"480\" srcset=\"https:\/\/Hochzeit.marjenau.de\/wp-content\/uploads\/2019\/09\/GR_1485-900x600.jpg 900w, https:\/\/Hochzeit.marjenau.de\/wp-content\/uploads\/2019\/09\/GR_1485-300x200.jpg 300w, https:\/\/Hochzeit.marjenau.de\/wp-content\/uploads\/2019\/09\/GR_1485-768x512.jpg 768w, https:\/\/Hochzeit.marjenau.de\/wp-content\/uploads\/2019\/09\/GR_1485.jpg 1024w, https:\/\/Hochzeit.marjenau.de\/wp-content\/uploads\/2019\/09\/GR_1485-200x133.jpg 200w, https:\/\/Hochzeit.marjenau.de\/wp-content\/uploads\/2019\/09\/GR_1485-600x400.jpg 600w\" sizes=\"auto, (max-width: 720px) 100vw, 720px\" \/><span style=\"color: #800000;\">Du hast es \u00fcberhaupt erst erm\u00f6glicht, dass wir uns das Jawort geben konnten! Du hast dich mit deiner Rede in die Herzen der Zuh\u00f6rer geredet. In jedem Wort war zu sp\u00fcren, dass du mit uns f\u00fchlst. Wie h\u00e4tte es besser sein k\u00f6nnen? Und auch derjenige, der zuerst dachte &#8222;Ui&#8230;der sieht aber gef\u00e4hrlich aus &#8211; von dem halte ich lieber Abstand!&#8220; (ja &#8211; das gab es) , war hingerissen von deiner Art. Wir wissen, wie schwer es f\u00fcr dich war vor so vielen Leuten zu reden. Das h\u00e4tte niemand besser machen k\u00f6nnen wie du. Du hast allen gezeigt, dass wir &#8222;Schwarzen&#8220; &#8211; auch wenn wir f\u00fcr manch einen B\u00f6se erscheinenlich &#8211; doch besonders eins sind: &#8222;menschlich&#8220;!<\/span><\/span><\/p>\n<hr>\n<p style=\"text-align: center;\"><strong><span style=\"font-family: Handlee; font-size: 14pt; color: #999999;\">Petra &#8211; Rainers Schwester und Blumenfee<\/span><\/strong><\/p>\n<p style=\"text-align: center;\"><img loading=\"lazy\" decoding=\"async\" class=\"alignnone size-libretto-oversized wp-image-3311\" src=\"https:\/\/Hochzeit.marjenau.de\/wp-content\/uploads\/2019\/09\/20190914-IMG_0357-900x600.jpg\" alt=\"\" width=\"720\" height=\"480\" srcset=\"https:\/\/Hochzeit.marjenau.de\/wp-content\/uploads\/2019\/09\/20190914-IMG_0357-900x600.jpg 900w, https:\/\/Hochzeit.marjenau.de\/wp-content\/uploads\/2019\/09\/20190914-IMG_0357-300x200.jpg 300w, https:\/\/Hochzeit.marjenau.de\/wp-content\/uploads\/2019\/09\/20190914-IMG_0357-768x512.jpg 768w, https:\/\/Hochzeit.marjenau.de\/wp-content\/uploads\/2019\/09\/20190914-IMG_0357.jpg 1024w, https:\/\/Hochzeit.marjenau.de\/wp-content\/uploads\/2019\/09\/20190914-IMG_0357-200x133.jpg 200w\" sizes=\"auto, (max-width: 720px) 100vw, 720px\" \/><\/p>\n<p style=\"text-align: center;\"><span style=\"font-family: Handlee; font-size: 14pt; color: #999999;\"><span style=\"color: #800000;\">Du wu\u00dftest immer genau was wir wollen. Es brauchte kaum Worte und die Blumenauswahl war klar. <\/span><\/span><span style=\"font-family: Handlee; font-size: 14pt; color: #999999;\"><span style=\"color: #800000;\">Wir haben den perfekten Brautstrauss von dir bekommen. Und es ist besonders sch\u00f6n, zu wissen, dass dieser Strauss von der eigenen Schw\u00e4gerin\/Schwester liebevoll gefertigt wurde.&nbsp;<\/span> <\/span><\/p>\n<hr>\n<p style=\"text-align: center;\"><strong><span style=\"font-family: Handlee; font-size: 14pt; color: #999999;\">Steffi &#8211; Dekortionsmeisterin und Partymaus<\/span><\/strong><\/p>\n<p style=\"text-align: center;\"><span style=\"font-family: Handlee; font-size: 14pt;\"><img loading=\"lazy\" decoding=\"async\" class=\"alignnone size-libretto-oversized wp-image-2379\" src=\"https:\/\/Hochzeit.marjenau.de\/wp-content\/uploads\/2019\/09\/GR_1490-900x600.jpg\" alt=\"\" width=\"720\" height=\"480\" srcset=\"https:\/\/Hochzeit.marjenau.de\/wp-content\/uploads\/2019\/09\/GR_1490-900x600.jpg 900w, https:\/\/Hochzeit.marjenau.de\/wp-content\/uploads\/2019\/09\/GR_1490-300x200.jpg 300w, https:\/\/Hochzeit.marjenau.de\/wp-content\/uploads\/2019\/09\/GR_1490-768x512.jpg 768w, https:\/\/Hochzeit.marjenau.de\/wp-content\/uploads\/2019\/09\/GR_1490.jpg 1024w, https:\/\/Hochzeit.marjenau.de\/wp-content\/uploads\/2019\/09\/GR_1490-200x133.jpg 200w, https:\/\/Hochzeit.marjenau.de\/wp-content\/uploads\/2019\/09\/GR_1490-600x400.jpg 600w\" sizes=\"auto, (max-width: 720px) 100vw, 720px\" \/><\/span><\/p>\n<p style=\"text-align: center;\"><span style=\"color: #800000; font-family: Handlee; font-size: 14pt;\">Du hast mal eben schnell nach deinen Vorstellungen den Biergarten dekoriert. Und was sollen wir sagen, Du hast es so wundervoll gemacht, dass wir \u00fcberhaupt nichts auszusetzen hatten &#8211; was bei Bines Vorstellungen nicht so leicht ist. Es war perfekt! Besonders begeistert hat uns allerdings Deine Offenheit &#8211; Du kannst wirklich mit jedem feiern und Spa\u00df haben. Wer Dich auf einer Party dabei hat, der ist immer auf der sicheren Seite &#8211; auch wenn Du es diesmal etwas schwerer hattest die Leute zum Tanzen zu animieren. <\/span><\/p>\n<hr>\n<p style=\"text-align: center;\"><strong><span style=\"font-size: 14pt; font-family: Handlee; color: #999999;\">Sven &#8211; treibende musikalische Kraft, Multitalent und durchgenkallter Vogel <\/span><\/strong><\/p>\n<p style=\"text-align: center;\"><img loading=\"lazy\" decoding=\"async\" class=\"alignnone size-libretto-oversized wp-image-3312\" src=\"https:\/\/Hochzeit.marjenau.de\/wp-content\/uploads\/2019\/09\/2019-09-14_23-30-31-900x600.jpg\" alt=\"\" width=\"720\" height=\"480\" srcset=\"https:\/\/Hochzeit.marjenau.de\/wp-content\/uploads\/2019\/09\/2019-09-14_23-30-31-900x600.jpg 900w, https:\/\/Hochzeit.marjenau.de\/wp-content\/uploads\/2019\/09\/2019-09-14_23-30-31-300x200.jpg 300w, https:\/\/Hochzeit.marjenau.de\/wp-content\/uploads\/2019\/09\/2019-09-14_23-30-31-768x512.jpg 768w, https:\/\/Hochzeit.marjenau.de\/wp-content\/uploads\/2019\/09\/2019-09-14_23-30-31.jpg 1024w, https:\/\/Hochzeit.marjenau.de\/wp-content\/uploads\/2019\/09\/2019-09-14_23-30-31-200x133.jpg 200w\" sizes=\"auto, (max-width: 720px) 100vw, 720px\" \/><\/p>\n<p style=\"text-align: center;\"><span style=\"color: #800000; font-family: Handlee; font-size: 14pt;\">Wir wissen genau, wer die treibende Kraft in der Band ist und wer daf\u00fcr gesorgt hat, dass unsere Musikw\u00fcnsche perfekt erf\u00fcllt werden. Nat\u00fcrlich haben auch alle anderen von Awake mal wieder einen erstklassigen Gig abgeliefert, aber Du perfektionierts es mal wieder. Besonders gro\u00dfartig fanden wir allerdings Dein Outfit! Du passt halt \u00fcberall rein. Vom Gesch\u00e4ftsessen im Anzug bis zur Mega-Metal-Party im Slayer Shirt. <\/span><\/p>\n<hr>\n<p style=\"text-align: center;\">&nbsp;<\/p>\n<p style=\"text-align: center;\">&nbsp;<\/p>\n","protected":false},"excerpt":{"rendered":"<p>Wir m\u00f6chten uns ganz besonders bei denen bedanken, die uns mit Rat und Tat zur Seite gestanden haben. Ihr seid die Besten! In alphabetischer Reihenfolge: Andreas &#8211; Der Fotograf Danke Andreas, dass Du die Erinnerungen f\u00fcr uns festgehalten hast. Du hast uns stets bei den Shootings prima angeleitet unsere Nervosit\u00e4t genommen, alle Leute bei den&hellip;<\/p>\n","protected":false},"author":1,"featured_media":0,"parent":0,"menu_order":0,"comment_status":"closed","ping_status":"closed","template":"","meta":{"footnotes":""},"class_list":["post-3303","page","type-page","status-publish","hentry"],"_links":{"self":[{"href":"https:\/\/Hochzeit.marjenau.de\/index.php\/wp-json\/wp\/v2\/pages\/3303","targetHints":{"allow":["GET"]}}],"collection":[{"href":"https:\/\/Hochzeit.marjenau.de\/index.php\/wp-json\/wp\/v2\/pages"}],"about":[{"href":"https:\/\/Hochzeit.marjenau.de\/index.php\/wp-json\/wp\/v2\/types\/page"}],"author":[{"embeddable":true,"href":"https:\/\/Hochzeit.marjenau.de\/index.php\/wp-json\/wp\/v2\/users\/1"}],"replies":[{"embeddable":true,"href":"https:\/\/Hochzeit.marjenau.de\/index.php\/wp-json\/wp\/v2\/comments?post=3303"}],"version-history":[{"count":8,"href":"https:\/\/Hochzeit.marjenau.de\/index.php\/wp-json\/wp\/v2\/pages\/3303\/revisions"}],"predecessor-version":[{"id":3351,"href":"https:\/\/Hochzeit.marjenau.de\/index.php\/wp-json\/wp\/v2\/pages\/3303\/revisions\/3351"}],"wp:attachment":[{"href":"https:\/\/Hochzeit.marjenau.de\/index.php\/wp-json\/wp\/v2\/media?parent=3303"}],"curies":[{"name":"wp","href":"https:\/\/api.w.org\/{rel}","templated":true}]}}