{"id":2246,"date":"2019-09-22T22:33:23","date_gmt":"2019-09-22T22:33:23","guid":{"rendered":"https:\/\/Hochzeit.marjenau.de\/?page_id=2246"},"modified":"2019-09-24T21:01:40","modified_gmt":"2019-09-24T21:01:40","slug":"die-trauung","status":"publish","type":"page","link":"https:\/\/Hochzeit.marjenau.de\/index.php\/fotos\/die-trauung\/","title":{"rendered":"Die Trauung"},"content":{"rendered":"<p style=\"text-align: center;\"><div id=\"metaslider-id-2604\" style=\"width: 100%;\" class=\"ml-slider-3-108-0 metaslider metaslider-flex metaslider-2604 ml-slider ms-theme-default nav-hidden\" role=\"region\" aria-label=\"trauung\" data-height=\"400\" data-width=\"600\">\n    <div id=\"metaslider_container_2604\">\n        <div id=\"metaslider_2604\">\n            <ul class='slides'>\n                <li style=\"display: block; width: 100%;\" class=\"slide-2605 ms-image \" aria-roledescription=\"slide\" data-date=\"2019-09-24 20:56:56\" data-filename=\"ez_10-600x400.jpg\" data-slide-type=\"image\"><img loading=\"lazy\" decoding=\"async\" src=\"https:\/\/Hochzeit.marjenau.de\/wp-content\/uploads\/2019\/09\/ez_10-600x400.jpg\" height=\"400\" width=\"600\" alt=\"\" class=\"slider-2604 slide-2605 msDefaultImage\" title=\"ez_10\" \/><\/li>\n                <li style=\"display: none; width: 100%;\" class=\"slide-2606 ms-image \" aria-roledescription=\"slide\" data-date=\"2019-09-24 20:56:56\" data-filename=\"ez_5-600x400.jpg\" data-slide-type=\"image\"><img loading=\"lazy\" decoding=\"async\" src=\"https:\/\/Hochzeit.marjenau.de\/wp-content\/uploads\/2019\/09\/ez_5-600x400.jpg\" height=\"400\" width=\"600\" alt=\"\" class=\"slider-2604 slide-2606 msDefaultImage\" title=\"ez_5\" \/><\/li>\n                <li style=\"display: none; width: 100%;\" class=\"slide-2607 ms-image \" aria-roledescription=\"slide\" data-date=\"2019-09-24 20:56:56\" data-filename=\"ez_4-600x400.jpg\" data-slide-type=\"image\"><img loading=\"lazy\" decoding=\"async\" src=\"https:\/\/Hochzeit.marjenau.de\/wp-content\/uploads\/2019\/09\/ez_4-600x400.jpg\" height=\"400\" width=\"600\" alt=\"\" class=\"slider-2604 slide-2607 msDefaultImage\" title=\"ez_4\" \/><\/li>\n                <li style=\"display: none; width: 100%;\" class=\"slide-2608 ms-image \" aria-roledescription=\"slide\" data-date=\"2019-09-24 20:56:56\" data-filename=\"ez_3-600x400.jpg\" data-slide-type=\"image\"><img loading=\"lazy\" decoding=\"async\" src=\"https:\/\/Hochzeit.marjenau.de\/wp-content\/uploads\/2019\/09\/ez_3-600x400.jpg\" height=\"400\" width=\"600\" alt=\"\" class=\"slider-2604 slide-2608 msDefaultImage\" title=\"ez_3\" \/><\/li>\n                <li style=\"display: none; width: 100%;\" class=\"slide-2609 ms-image \" aria-roledescription=\"slide\" data-date=\"2019-09-24 20:56:56\" data-filename=\"ez_1-600x400.jpg\" data-slide-type=\"image\"><img loading=\"lazy\" decoding=\"async\" src=\"https:\/\/Hochzeit.marjenau.de\/wp-content\/uploads\/2019\/09\/ez_1-600x400.jpg\" height=\"400\" width=\"600\" alt=\"\" class=\"slider-2604 slide-2609 msDefaultImage\" title=\"ez_1\" \/><\/li>\n                <li style=\"display: none; width: 100%;\" class=\"slide-2610 ms-image \" aria-roledescription=\"slide\" data-date=\"2019-09-24 20:56:56\" data-filename=\"TR_0782-600x400.jpg\" data-slide-type=\"image\"><img loading=\"lazy\" decoding=\"async\" src=\"https:\/\/Hochzeit.marjenau.de\/wp-content\/uploads\/2019\/09\/TR_0782-600x400.jpg\" height=\"400\" width=\"600\" alt=\"\" class=\"slider-2604 slide-2610 msDefaultImage\" title=\"TR_0782\" \/><\/li>\n                <li style=\"display: none; width: 100%;\" class=\"slide-2613 ms-image \" aria-roledescription=\"slide\" data-date=\"2019-09-24 20:56:57\" data-filename=\"TR_0731-600x400.jpg\" data-slide-type=\"image\"><img loading=\"lazy\" decoding=\"async\" src=\"https:\/\/Hochzeit.marjenau.de\/wp-content\/uploads\/2019\/09\/TR_0731-600x400.jpg\" height=\"400\" width=\"600\" alt=\"\" class=\"slider-2604 slide-2613 msDefaultImage\" title=\"TR_0731\" \/><\/li>\n                <li style=\"display: none; width: 100%;\" class=\"slide-2612 ms-image \" aria-roledescription=\"slide\" data-date=\"2019-09-24 20:56:56\" data-filename=\"TR_0724-600x400.jpg\" data-slide-type=\"image\"><img loading=\"lazy\" decoding=\"async\" src=\"https:\/\/Hochzeit.marjenau.de\/wp-content\/uploads\/2019\/09\/TR_0724-600x400.jpg\" height=\"400\" width=\"600\" alt=\"\" class=\"slider-2604 slide-2612 msDefaultImage\" title=\"TR_0724\" \/><\/li>\n                <li style=\"display: none; width: 100%;\" class=\"slide-2611 ms-image \" aria-roledescription=\"slide\" data-date=\"2019-09-24 20:56:56\" data-filename=\"TR_0694-600x400.jpg\" data-slide-type=\"image\"><img loading=\"lazy\" decoding=\"async\" src=\"https:\/\/Hochzeit.marjenau.de\/wp-content\/uploads\/2019\/09\/TR_0694-600x400.jpg\" height=\"400\" width=\"600\" alt=\"\" class=\"slider-2604 slide-2611 msDefaultImage\" title=\"TR_0694\" \/><\/li>\n                <li style=\"display: none; width: 100%;\" class=\"slide-2623 ms-image \" aria-roledescription=\"slide\" data-date=\"2019-09-24 20:58:00\" data-filename=\"TR_0758-600x400.jpg\" data-slide-type=\"image\"><img loading=\"lazy\" decoding=\"async\" src=\"https:\/\/Hochzeit.marjenau.de\/wp-content\/uploads\/2019\/09\/TR_0758-600x400.jpg\" height=\"400\" width=\"600\" alt=\"\" class=\"slider-2604 slide-2623 msDefaultImage\" title=\"TR_0758\" \/><\/li>\n                <li style=\"display: none; width: 100%;\" class=\"slide-2614 ms-image \" aria-roledescription=\"slide\" data-date=\"2019-09-24 20:56:57\" data-filename=\"TR_0799-600x400.jpg\" data-slide-type=\"image\"><img loading=\"lazy\" decoding=\"async\" src=\"https:\/\/Hochzeit.marjenau.de\/wp-content\/uploads\/2019\/09\/TR_0799-600x400.jpg\" height=\"400\" width=\"600\" alt=\"\" class=\"slider-2604 slide-2614 msDefaultImage\" title=\"TR_0799\" \/><\/li>\n                <li style=\"display: none; width: 100%;\" class=\"slide-2615 ms-image \" aria-roledescription=\"slide\" data-date=\"2019-09-24 20:56:57\" data-filename=\"TR_0832-600x400.jpg\" data-slide-type=\"image\"><img loading=\"lazy\" decoding=\"async\" src=\"https:\/\/Hochzeit.marjenau.de\/wp-content\/uploads\/2019\/09\/TR_0832-600x400.jpg\" height=\"400\" width=\"600\" alt=\"\" class=\"slider-2604 slide-2615 msDefaultImage\" title=\"TR_0832\" \/><\/li>\n                <li style=\"display: none; width: 100%;\" class=\"slide-2616 ms-image \" aria-roledescription=\"slide\" data-date=\"2019-09-24 20:56:57\" data-filename=\"TR_0835-600x400.jpg\" data-slide-type=\"image\"><img loading=\"lazy\" decoding=\"async\" src=\"https:\/\/Hochzeit.marjenau.de\/wp-content\/uploads\/2019\/09\/TR_0835-600x400.jpg\" height=\"400\" width=\"600\" alt=\"\" class=\"slider-2604 slide-2616 msDefaultImage\" title=\"TR_0835\" \/><\/li>\n                <li style=\"display: none; width: 100%;\" class=\"slide-2617 ms-image \" aria-roledescription=\"slide\" data-date=\"2019-09-24 20:56:57\" data-filename=\"TR_0839-600x400.jpg\" data-slide-type=\"image\"><img loading=\"lazy\" decoding=\"async\" src=\"https:\/\/Hochzeit.marjenau.de\/wp-content\/uploads\/2019\/09\/TR_0839-600x400.jpg\" height=\"400\" width=\"600\" alt=\"\" class=\"slider-2604 slide-2617 msDefaultImage\" title=\"TR_0839\" \/><\/li>\n                <li style=\"display: none; width: 100%;\" class=\"slide-2618 ms-image \" aria-roledescription=\"slide\" data-date=\"2019-09-24 20:56:57\" data-filename=\"TR_0848-600x400.jpg\" data-slide-type=\"image\"><img loading=\"lazy\" decoding=\"async\" src=\"https:\/\/Hochzeit.marjenau.de\/wp-content\/uploads\/2019\/09\/TR_0848-600x400.jpg\" height=\"400\" width=\"600\" alt=\"\" class=\"slider-2604 slide-2618 msDefaultImage\" title=\"TR_0848\" \/><\/li>\n                <li style=\"display: none; width: 100%;\" class=\"slide-2621 ms-image \" aria-roledescription=\"slide\" data-date=\"2019-09-24 20:56:57\" data-filename=\"TR_0862-600x400.jpg\" data-slide-type=\"image\"><img loading=\"lazy\" decoding=\"async\" src=\"https:\/\/Hochzeit.marjenau.de\/wp-content\/uploads\/2019\/09\/TR_0862-600x400.jpg\" height=\"400\" width=\"600\" alt=\"\" class=\"slider-2604 slide-2621 msDefaultImage\" title=\"TR_0862\" \/><\/li>\n                <li style=\"display: none; width: 100%;\" class=\"slide-2622 ms-image \" aria-roledescription=\"slide\" data-date=\"2019-09-24 20:56:57\" data-filename=\"TR_0868-600x400.jpg\" data-slide-type=\"image\"><img loading=\"lazy\" decoding=\"async\" src=\"https:\/\/Hochzeit.marjenau.de\/wp-content\/uploads\/2019\/09\/TR_0868-600x400.jpg\" height=\"400\" width=\"600\" alt=\"\" class=\"slider-2604 slide-2622 msDefaultImage\" title=\"TR_0868\" \/><\/li>\n                <li style=\"display: none; width: 100%;\" class=\"slide-2620 ms-image \" aria-roledescription=\"slide\" data-date=\"2019-09-24 20:56:57\" data-filename=\"TR_0889-600x400.jpg\" data-slide-type=\"image\"><img loading=\"lazy\" decoding=\"async\" src=\"https:\/\/Hochzeit.marjenau.de\/wp-content\/uploads\/2019\/09\/TR_0889-600x400.jpg\" height=\"400\" width=\"600\" alt=\"\" class=\"slider-2604 slide-2620 msDefaultImage\" title=\"TR_0889\" \/><\/li>\n                <li style=\"display: none; width: 100%;\" class=\"slide-2619 ms-image \" aria-roledescription=\"slide\" data-date=\"2019-09-24 20:56:57\" data-filename=\"TR_0893-600x400.jpg\" data-slide-type=\"image\"><img loading=\"lazy\" decoding=\"async\" src=\"https:\/\/Hochzeit.marjenau.de\/wp-content\/uploads\/2019\/09\/TR_0893-600x400.jpg\" height=\"400\" width=\"600\" alt=\"\" class=\"slider-2604 slide-2619 msDefaultImage\" title=\"TR_0893\" \/><\/li>\n            <\/ul>\n        <\/div>\n        \n    <\/div>\n<\/div><\/p>\n<blockquote><p>Warum wir die freie Trauung gew\u00e4hlt haben?<\/p><\/blockquote>\n<p><span style=\"font-family: Handlee; font-size: 14pt; color: #800000;\">Wir sind uns sicher, dass nichts mehr zwischen uns kommen kann und wir gemeinsam alt werden wollen. Was ist ehrlicher, wenn nicht ein Versprechen ohne relig\u00f6se oder staatliche Konventionen &#8211; rein aus Liebe f\u00fcreinander? Und das wir wollten wir vor den f\u00fcr uns wichtigsten Menschen &#8211; unseren Familien und Freunden &#8211; bezeugen.<\/span><\/p>\n<p>[ngg src=&#8220;galleries&#8220; ids=&#8220;3&#8243; display=&#8220;basic_thumbnail&#8220; thumbnail_crop=&#8220;0&#8243; images_per_page=&#8220;100&#8243;]<\/p>\n","protected":false},"excerpt":{"rendered":"<p>Warum wir die freie Trauung gew\u00e4hlt haben? Wir sind uns sicher, dass nichts mehr zwischen uns kommen kann und wir gemeinsam alt werden wollen. Was ist ehrlicher, wenn nicht ein Versprechen ohne relig\u00f6se oder staatliche Konventionen &#8211; rein aus Liebe f\u00fcreinander? Und das wir wollten wir vor den f\u00fcr uns wichtigsten Menschen &#8211; unseren Familien&hellip;<\/p>\n","protected":false},"author":1,"featured_media":0,"parent":1666,"menu_order":0,"comment_status":"closed","ping_status":"closed","template":"","meta":{"footnotes":""},"class_list":["post-2246","page","type-page","status-publish","hentry"],"_links":{"self":[{"href":"https:\/\/Hochzeit.marjenau.de\/index.php\/wp-json\/wp\/v2\/pages\/2246","targetHints":{"allow":["GET"]}}],"collection":[{"href":"https:\/\/Hochzeit.marjenau.de\/index.php\/wp-json\/wp\/v2\/pages"}],"about":[{"href":"https:\/\/Hochzeit.marjenau.de\/index.php\/wp-json\/wp\/v2\/types\/page"}],"author":[{"embeddable":true,"href":"https:\/\/Hochzeit.marjenau.de\/index.php\/wp-json\/wp\/v2\/users\/1"}],"replies":[{"embeddable":true,"href":"https:\/\/Hochzeit.marjenau.de\/index.php\/wp-json\/wp\/v2\/comments?post=2246"}],"version-history":[{"count":7,"href":"https:\/\/Hochzeit.marjenau.de\/index.php\/wp-json\/wp\/v2\/pages\/2246\/revisions"}],"predecessor-version":[{"id":2624,"href":"https:\/\/Hochzeit.marjenau.de\/index.php\/wp-json\/wp\/v2\/pages\/2246\/revisions\/2624"}],"up":[{"embeddable":true,"href":"https:\/\/Hochzeit.marjenau.de\/index.php\/wp-json\/wp\/v2\/pages\/1666"}],"wp:attachment":[{"href":"https:\/\/Hochzeit.marjenau.de\/index.php\/wp-json\/wp\/v2\/media?parent=2246"}],"curies":[{"name":"wp","href":"https:\/\/api.w.org\/{rel}","templated":true}]}}