{"id":1818,"date":"2019-09-21T21:54:20","date_gmt":"2019-09-21T21:54:20","guid":{"rendered":"https:\/\/Hochzeit.marjenau.de\/?page_id=1818"},"modified":"2019-09-26T23:12:49","modified_gmt":"2019-09-26T23:12:49","slug":"das-brautpaar-probeshooting","status":"publish","type":"page","link":"https:\/\/Hochzeit.marjenau.de\/index.php\/fotos\/das-brautpaar-probeshooting\/","title":{"rendered":"Probeshooting"},"content":{"rendered":"<p style=\"text-align: center;\"><div id=\"metaslider-id-1822\" style=\"width: 100%;\" class=\"ml-slider-3-108-0 metaslider metaslider-flex metaslider-1822 ml-slider ms-theme-default nav-hidden\" role=\"region\" aria-label=\"probeshooting\" data-height=\"400\" data-width=\"600\">\n    <div id=\"metaslider_container_1822\">\n        <div id=\"metaslider_1822\">\n            <ul class='slides'>\n                <li style=\"display: block; width: 100%;\" class=\"slide-1840 ms-image \" aria-roledescription=\"slide\" data-date=\"2019-09-21 22:45:08\" data-filename=\"Sh1_20190810-IMG_9878.jpg-600x400.jpg\" data-slide-type=\"image\"><img loading=\"lazy\" decoding=\"async\" src=\"https:\/\/Hochzeit.marjenau.de\/wp-content\/uploads\/2019\/09\/Sh1_20190810-IMG_9878.jpg-600x400.jpg\" height=\"400\" width=\"600\" alt=\"\" class=\"slider-1822 slide-1840 msDefaultImage\" title=\"Sh1_20190810-IMG_9878.jpg\" \/><\/li>\n                <li style=\"display: none; width: 100%;\" class=\"slide-1841 ms-image \" aria-roledescription=\"slide\" data-date=\"2019-09-21 22:45:08\" data-filename=\"Sh1_20190810-IMG_9882.jpg-600x400.jpg\" data-slide-type=\"image\"><img loading=\"lazy\" decoding=\"async\" src=\"https:\/\/Hochzeit.marjenau.de\/wp-content\/uploads\/2019\/09\/Sh1_20190810-IMG_9882.jpg-600x400.jpg\" height=\"400\" width=\"600\" alt=\"\" class=\"slider-1822 slide-1841 msDefaultImage\" title=\"Sh1_20190810-IMG_9882.jpg\" \/><\/li>\n                <li style=\"display: none; width: 100%;\" class=\"slide-1842 ms-image \" aria-roledescription=\"slide\" data-date=\"2019-09-21 22:45:08\" data-filename=\"Sh1_20190810-IMG_9886.jpg-600x400.jpg\" data-slide-type=\"image\"><img loading=\"lazy\" decoding=\"async\" src=\"https:\/\/Hochzeit.marjenau.de\/wp-content\/uploads\/2019\/09\/Sh1_20190810-IMG_9886.jpg-600x400.jpg\" height=\"400\" width=\"600\" alt=\"\" class=\"slider-1822 slide-1842 msDefaultImage\" title=\"Sh1_20190810-IMG_9886.jpg\" \/><\/li>\n                <li style=\"display: none; width: 100%;\" class=\"slide-1843 ms-image \" aria-roledescription=\"slide\" data-date=\"2019-09-21 22:45:08\" data-filename=\"Sh1_20190810-IMG_9890.jpg-600x400.jpg\" data-slide-type=\"image\"><img loading=\"lazy\" decoding=\"async\" src=\"https:\/\/Hochzeit.marjenau.de\/wp-content\/uploads\/2019\/09\/Sh1_20190810-IMG_9890.jpg-600x400.jpg\" height=\"400\" width=\"600\" alt=\"\" class=\"slider-1822 slide-1843 msDefaultImage\" title=\"Sh1_20190810-IMG_9890.jpg\" \/><\/li>\n                <li style=\"display: none; width: 100%;\" class=\"slide-1844 ms-image \" aria-roledescription=\"slide\" data-date=\"2019-09-21 22:45:08\" data-filename=\"Sh1_20190810-IMG_9899.jpg-600x400.jpg\" data-slide-type=\"image\"><img loading=\"lazy\" decoding=\"async\" src=\"https:\/\/Hochzeit.marjenau.de\/wp-content\/uploads\/2019\/09\/Sh1_20190810-IMG_9899.jpg-600x400.jpg\" height=\"400\" width=\"600\" alt=\"\" class=\"slider-1822 slide-1844 msDefaultImage\" title=\"Sh1_20190810-IMG_9899.jpg\" \/><\/li>\n                <li style=\"display: none; width: 100%;\" class=\"slide-1845 ms-image \" aria-roledescription=\"slide\" data-date=\"2019-09-21 22:45:08\" data-filename=\"Sh1_20190810-IMG_9900.jpg-600x400.jpg\" data-slide-type=\"image\"><img loading=\"lazy\" decoding=\"async\" src=\"https:\/\/Hochzeit.marjenau.de\/wp-content\/uploads\/2019\/09\/Sh1_20190810-IMG_9900.jpg-600x400.jpg\" height=\"400\" width=\"600\" alt=\"\" class=\"slider-1822 slide-1845 msDefaultImage\" title=\"Sh1_20190810-IMG_9900.jpg\" \/><\/li>\n                <li style=\"display: none; width: 100%;\" class=\"slide-1846 ms-image \" aria-roledescription=\"slide\" data-date=\"2019-09-21 22:45:08\" data-filename=\"Sh1_20190810-IMG_9917.jpg-600x400.jpg\" data-slide-type=\"image\"><img loading=\"lazy\" decoding=\"async\" src=\"https:\/\/Hochzeit.marjenau.de\/wp-content\/uploads\/2019\/09\/Sh1_20190810-IMG_9917.jpg-600x400.jpg\" height=\"400\" width=\"600\" alt=\"\" class=\"slider-1822 slide-1846 msDefaultImage\" title=\"Sh1_20190810-IMG_9917.jpg\" \/><\/li>\n                <li style=\"display: none; width: 100%;\" class=\"slide-1848 ms-image \" aria-roledescription=\"slide\" data-date=\"2019-09-21 22:45:08\" data-filename=\"Sh1_20190810-IMG_9921.jpg-600x400.jpg\" data-slide-type=\"image\"><img loading=\"lazy\" decoding=\"async\" src=\"https:\/\/Hochzeit.marjenau.de\/wp-content\/uploads\/2019\/09\/Sh1_20190810-IMG_9921.jpg-600x400.jpg\" height=\"400\" width=\"600\" alt=\"\" class=\"slider-1822 slide-1848 msDefaultImage\" title=\"Sh1_20190810-IMG_9921.jpg\" \/><\/li>\n                <li style=\"display: none; width: 100%;\" class=\"slide-1849 ms-image \" aria-roledescription=\"slide\" data-date=\"2019-09-21 22:45:08\" data-filename=\"Sh1_20190810-IMG_9933.jpg-600x400.jpg\" data-slide-type=\"image\"><img loading=\"lazy\" decoding=\"async\" src=\"https:\/\/Hochzeit.marjenau.de\/wp-content\/uploads\/2019\/09\/Sh1_20190810-IMG_9933.jpg-600x400.jpg\" height=\"400\" width=\"600\" alt=\"\" class=\"slider-1822 slide-1849 msDefaultImage\" title=\"Sh1_20190810-IMG_9933.jpg\" \/><\/li>\n                <li style=\"display: none; width: 100%;\" class=\"slide-1850 ms-image \" aria-roledescription=\"slide\" data-date=\"2019-09-21 22:45:08\" data-filename=\"Sh1_20190810-IMG_9940.jpg-600x400.jpg\" data-slide-type=\"image\"><img loading=\"lazy\" decoding=\"async\" src=\"https:\/\/Hochzeit.marjenau.de\/wp-content\/uploads\/2019\/09\/Sh1_20190810-IMG_9940.jpg-600x400.jpg\" height=\"400\" width=\"600\" alt=\"\" class=\"slider-1822 slide-1850 msDefaultImage\" title=\"Sh1_20190810-IMG_9940.jpg\" \/><\/li>\n                <li style=\"display: none; width: 100%;\" class=\"slide-1851 ms-image \" aria-roledescription=\"slide\" data-date=\"2019-09-21 22:45:09\" data-filename=\"Sh1_20190810-IMG_9947.jpg-600x400.jpg\" data-slide-type=\"image\"><img loading=\"lazy\" decoding=\"async\" src=\"https:\/\/Hochzeit.marjenau.de\/wp-content\/uploads\/2019\/09\/Sh1_20190810-IMG_9947.jpg-600x400.jpg\" height=\"400\" width=\"600\" alt=\"\" class=\"slider-1822 slide-1851 msDefaultImage\" title=\"Sh1_20190810-IMG_9947.jpg\" \/><\/li>\n                <li style=\"display: none; width: 100%;\" class=\"slide-1852 ms-image \" aria-roledescription=\"slide\" data-date=\"2019-09-21 22:45:09\" data-filename=\"Sh1_20190810-IMG_9955.jpg-600x400.jpg\" data-slide-type=\"image\"><img loading=\"lazy\" decoding=\"async\" src=\"https:\/\/Hochzeit.marjenau.de\/wp-content\/uploads\/2019\/09\/Sh1_20190810-IMG_9955.jpg-600x400.jpg\" height=\"400\" width=\"600\" alt=\"\" class=\"slider-1822 slide-1852 msDefaultImage\" title=\"Sh1_20190810-IMG_9955.jpg\" \/><\/li>\n                <li style=\"display: none; width: 100%;\" class=\"slide-1853 ms-image \" aria-roledescription=\"slide\" data-date=\"2019-09-21 22:45:09\" data-filename=\"Sh1_20190810-IMG_9959.jpg-600x400.jpg\" data-slide-type=\"image\"><img loading=\"lazy\" decoding=\"async\" src=\"https:\/\/Hochzeit.marjenau.de\/wp-content\/uploads\/2019\/09\/Sh1_20190810-IMG_9959.jpg-600x400.jpg\" height=\"400\" width=\"600\" alt=\"\" class=\"slider-1822 slide-1853 msDefaultImage\" title=\"Sh1_20190810-IMG_9959.jpg\" \/><\/li>\n                <li style=\"display: none; width: 100%;\" class=\"slide-1854 ms-image \" aria-roledescription=\"slide\" data-date=\"2019-09-21 22:45:09\" data-filename=\"Sh1_20190810-IMG_9963.jpg-600x400.jpg\" data-slide-type=\"image\"><img loading=\"lazy\" decoding=\"async\" src=\"https:\/\/Hochzeit.marjenau.de\/wp-content\/uploads\/2019\/09\/Sh1_20190810-IMG_9963.jpg-600x400.jpg\" height=\"400\" width=\"600\" alt=\"\" class=\"slider-1822 slide-1854 msDefaultImage\" title=\"Sh1_20190810-IMG_9963.jpg\" \/><\/li>\n                <li style=\"display: none; width: 100%;\" class=\"slide-1855 ms-image \" aria-roledescription=\"slide\" data-date=\"2019-09-21 22:45:09\" data-filename=\"Sh1_20190810-IMG_9968.jpg-600x400.jpg\" data-slide-type=\"image\"><img loading=\"lazy\" decoding=\"async\" src=\"https:\/\/Hochzeit.marjenau.de\/wp-content\/uploads\/2019\/09\/Sh1_20190810-IMG_9968.jpg-600x400.jpg\" height=\"400\" width=\"600\" alt=\"\" class=\"slider-1822 slide-1855 msDefaultImage\" title=\"Sh1_20190810-IMG_9968.jpg\" \/><\/li>\n                <li style=\"display: none; width: 100%;\" class=\"slide-1856 ms-image \" aria-roledescription=\"slide\" data-date=\"2019-09-21 22:45:09\" data-filename=\"Sh1_20190810-IMG_9972.jpg-600x400.jpg\" data-slide-type=\"image\"><img loading=\"lazy\" decoding=\"async\" src=\"https:\/\/Hochzeit.marjenau.de\/wp-content\/uploads\/2019\/09\/Sh1_20190810-IMG_9972.jpg-600x400.jpg\" height=\"400\" width=\"600\" alt=\"\" class=\"slider-1822 slide-1856 msDefaultImage\" title=\"Sh1_20190810-IMG_9972.jpg\" \/><\/li>\n            <\/ul>\n        <\/div>\n        \n    <\/div>\n<\/div><\/p>\n<p style=\"text-align: center;\"><span style=\"font-family: Handlee; font-size: 18pt;\"><span style=\"color: #800000; font-size: 14pt;\">Unser Probeshooting mit Andreas Dannhauer fand am 10.8.19 auf dem Hasefriedhof in Osnabr\u00fcck statt. Ich muss gestehen, es ist f\u00fcr mich als Fotograf schon komisch vor der Kamera zu stehen, aber Andreas hat uns sehr gut angeleitet und unsere Nervosit\u00e4t einfach genommen. Vielen Dank auch an seine Frau Sabine, die ihn und uns tatkr\u00e4ftig unterst\u00fctzt hat!<\/span><br \/>\n<\/span><\/p>\n<p><span style=\"font-size: 12pt;\"><span style=\"font-family: Handlee;\">Alle Fotos Andreas Dannhauer <\/span><span style=\"font-family: Handlee;\"> <a href=\"http:\/\/www.andreas-dannhauer.de\/\">http:\/\/www.andreas-dannhauer.de\/<\/a>&nbsp;<\/span><\/span><\/p>\n<p><span style=\"font-size: 12pt;\"><span style=\"font-family: Handlee;\"><a href=\"https:\/\/www.facebook.com\/Ansichtssachen-Andreas-Dannhauer-382594075115680\/\">https:\/\/www.facebook.com\/Ansichtssachen-Andreas-Dannhauer-382594075115680\/<\/a><\/span><\/span><\/p>\n<p>[ngg src=&#8220;galleries&#8220; ids=&#8220;9&#8243; display=&#8220;basic_thumbnail&#8220;]<\/p>\n","protected":false},"excerpt":{"rendered":"<p>Unser Probeshooting mit Andreas Dannhauer fand am 10.8.19 auf dem Hasefriedhof in Osnabr\u00fcck statt. Ich muss gestehen, es ist f\u00fcr mich als Fotograf schon komisch vor der Kamera zu stehen, aber Andreas hat uns sehr gut angeleitet und unsere Nervosit\u00e4t einfach genommen. Vielen Dank auch an seine Frau Sabine, die ihn und uns tatkr\u00e4ftig unterst\u00fctzt&hellip;<\/p>\n","protected":false},"author":1,"featured_media":0,"parent":1666,"menu_order":0,"comment_status":"closed","ping_status":"closed","template":"","meta":{"footnotes":""},"class_list":["post-1818","page","type-page","status-publish","hentry"],"_links":{"self":[{"href":"https:\/\/Hochzeit.marjenau.de\/index.php\/wp-json\/wp\/v2\/pages\/1818","targetHints":{"allow":["GET"]}}],"collection":[{"href":"https:\/\/Hochzeit.marjenau.de\/index.php\/wp-json\/wp\/v2\/pages"}],"about":[{"href":"https:\/\/Hochzeit.marjenau.de\/index.php\/wp-json\/wp\/v2\/types\/page"}],"author":[{"embeddable":true,"href":"https:\/\/Hochzeit.marjenau.de\/index.php\/wp-json\/wp\/v2\/users\/1"}],"replies":[{"embeddable":true,"href":"https:\/\/Hochzeit.marjenau.de\/index.php\/wp-json\/wp\/v2\/comments?post=1818"}],"version-history":[{"count":10,"href":"https:\/\/Hochzeit.marjenau.de\/index.php\/wp-json\/wp\/v2\/pages\/1818\/revisions"}],"predecessor-version":[{"id":3347,"href":"https:\/\/Hochzeit.marjenau.de\/index.php\/wp-json\/wp\/v2\/pages\/1818\/revisions\/3347"}],"up":[{"embeddable":true,"href":"https:\/\/Hochzeit.marjenau.de\/index.php\/wp-json\/wp\/v2\/pages\/1666"}],"wp:attachment":[{"href":"https:\/\/Hochzeit.marjenau.de\/index.php\/wp-json\/wp\/v2\/media?parent=1818"}],"curies":[{"name":"wp","href":"https:\/\/api.w.org\/{rel}","templated":true}]}}