{"id":1748,"date":"2019-09-21T08:16:14","date_gmt":"2019-09-21T08:16:14","guid":{"rendered":"https:\/\/Hochzeit.marjenau.de\/?page_id=1748"},"modified":"2019-09-26T23:21:52","modified_gmt":"2019-09-26T23:21:52","slug":"eindruecke-der-vorbereitung","status":"publish","type":"page","link":"https:\/\/Hochzeit.marjenau.de\/index.php\/sonstiges\/eindruecke-der-vorbereitung\/","title":{"rendered":"Deko, Planung &#038; Aufbau"},"content":{"rendered":"<p style=\"text-align: center;\"><div id=\"metaslider-id-2730\" style=\"width: 100%;\" class=\"ml-slider-3-108-0 metaslider metaslider-flex metaslider-2730 ml-slider ms-theme-default nav-hidden\" role=\"region\" aria-label=\"deko\" data-height=\"400\" data-width=\"600\">\n    <div id=\"metaslider_container_2730\">\n        <div id=\"metaslider_2730\">\n            <ul class='slides'>\n                <li style=\"display: block; width: 100%;\" class=\"slide-2761 ms-image \" aria-roledescription=\"slide\" data-date=\"2019-09-24 21:55:35\" data-filename=\"deko_-600x400.jpg\" data-slide-type=\"image\"><img loading=\"lazy\" decoding=\"async\" src=\"https:\/\/Hochzeit.marjenau.de\/wp-content\/uploads\/2019\/09\/deko_-600x400.jpg\" height=\"400\" width=\"600\" alt=\"\" class=\"slider-2730 slide-2761 msDefaultImage\" title=\"deko_\" \/><\/li>\n                <li style=\"display: none; width: 100%;\" class=\"slide-2760 ms-image \" aria-roledescription=\"slide\" data-date=\"2019-09-24 21:55:35\" data-filename=\"deko_-600x400.jpeg\" data-slide-type=\"image\"><img loading=\"lazy\" decoding=\"async\" src=\"https:\/\/Hochzeit.marjenau.de\/wp-content\/uploads\/2019\/09\/deko_-600x400.jpeg\" height=\"400\" width=\"600\" alt=\"\" class=\"slider-2730 slide-2760 msDefaultImage\" title=\"deko_\" \/><\/li>\n                <li style=\"display: none; width: 100%;\" class=\"slide-2769 ms-image \" aria-roledescription=\"slide\" data-date=\"2019-09-24 21:55:36\" data-filename=\"deko_8877-600x400.jpg\" data-slide-type=\"image\"><img loading=\"lazy\" decoding=\"async\" src=\"https:\/\/Hochzeit.marjenau.de\/wp-content\/uploads\/2019\/09\/deko_8877-600x400.jpg\" height=\"400\" width=\"600\" alt=\"\" class=\"slider-2730 slide-2769 msDefaultImage\" title=\"deko_8877\" \/><\/li>\n                <li style=\"display: none; width: 100%;\" class=\"slide-2783 ms-image \" aria-roledescription=\"slide\" data-date=\"2019-09-24 21:55:36\" data-filename=\"misc_Schleifen_vorher.jpg-600x400.jpg\" data-slide-type=\"image\"><img loading=\"lazy\" decoding=\"async\" src=\"https:\/\/Hochzeit.marjenau.de\/wp-content\/uploads\/2019\/09\/misc_Schleifen_vorher.jpg-600x400.jpg\" height=\"400\" width=\"600\" alt=\"\" class=\"slider-2730 slide-2783 msDefaultImage\" title=\"misc_Schleifen_vorher.jpg\" \/><\/li>\n                <li style=\"display: none; width: 100%;\" class=\"slide-2778 ms-image \" aria-roledescription=\"slide\" data-date=\"2019-09-24 21:55:36\" data-filename=\"deko_8912-600x400.jpg\" data-slide-type=\"image\"><img loading=\"lazy\" decoding=\"async\" src=\"https:\/\/Hochzeit.marjenau.de\/wp-content\/uploads\/2019\/09\/deko_8912-600x400.jpg\" height=\"400\" width=\"600\" alt=\"\" class=\"slider-2730 slide-2778 msDefaultImage\" title=\"deko_8912\" \/><\/li>\n                <li style=\"display: none; width: 100%;\" class=\"slide-2762 ms-image \" aria-roledescription=\"slide\" data-date=\"2019-09-24 21:55:35\" data-filename=\"deko_1-600x400.jpg\" data-slide-type=\"image\"><img loading=\"lazy\" decoding=\"async\" src=\"https:\/\/Hochzeit.marjenau.de\/wp-content\/uploads\/2019\/09\/deko_1-600x400.jpg\" height=\"400\" width=\"600\" alt=\"\" class=\"slider-2730 slide-2762 msDefaultImage\" title=\"deko_1\" \/><\/li>\n                <li style=\"display: none; width: 100%;\" class=\"slide-2774 ms-image \" aria-roledescription=\"slide\" data-date=\"2019-09-24 21:55:36\" data-filename=\"deko_8902-600x400.jpg\" data-slide-type=\"image\"><img loading=\"lazy\" decoding=\"async\" src=\"https:\/\/Hochzeit.marjenau.de\/wp-content\/uploads\/2019\/09\/deko_8902-600x400.jpg\" height=\"400\" width=\"600\" alt=\"\" class=\"slider-2730 slide-2774 msDefaultImage\" title=\"deko_8902\" \/><\/li>\n                <li style=\"display: none; width: 100%;\" class=\"slide-2766 ms-image \" aria-roledescription=\"slide\" data-date=\"2019-09-24 21:55:35\" data-filename=\"deko_0569-600x400.jpg\" data-slide-type=\"image\"><img loading=\"lazy\" decoding=\"async\" src=\"https:\/\/Hochzeit.marjenau.de\/wp-content\/uploads\/2019\/09\/deko_0569-600x400.jpg\" height=\"400\" width=\"600\" alt=\"\" class=\"slider-2730 slide-2766 msDefaultImage\" title=\"deko_0569\" \/><\/li>\n                <li style=\"display: none; width: 100%;\" class=\"slide-2765 ms-image \" aria-roledescription=\"slide\" data-date=\"2019-09-24 21:55:35\" data-filename=\"deko_0566-600x400.jpg\" data-slide-type=\"image\"><img loading=\"lazy\" decoding=\"async\" src=\"https:\/\/Hochzeit.marjenau.de\/wp-content\/uploads\/2019\/09\/deko_0566-600x400.jpg\" height=\"400\" width=\"600\" alt=\"\" class=\"slider-2730 slide-2765 msDefaultImage\" title=\"deko_0566\" \/><\/li>\n                <li style=\"display: none; width: 100%;\" class=\"slide-2768 ms-image \" aria-roledescription=\"slide\" data-date=\"2019-09-24 21:55:35\" data-filename=\"deko_1273-600x400.jpg\" data-slide-type=\"image\"><img loading=\"lazy\" decoding=\"async\" src=\"https:\/\/Hochzeit.marjenau.de\/wp-content\/uploads\/2019\/09\/deko_1273-600x400.jpg\" height=\"400\" width=\"600\" alt=\"\" class=\"slider-2730 slide-2768 msDefaultImage\" title=\"deko_1273\" \/><\/li>\n                <li style=\"display: none; width: 100%;\" class=\"slide-2772 ms-image \" aria-roledescription=\"slide\" data-date=\"2019-09-24 21:55:36\" data-filename=\"deko_8898-600x400.jpg\" data-slide-type=\"image\"><img loading=\"lazy\" decoding=\"async\" src=\"https:\/\/Hochzeit.marjenau.de\/wp-content\/uploads\/2019\/09\/deko_8898-600x400.jpg\" height=\"400\" width=\"600\" alt=\"\" class=\"slider-2730 slide-2772 msDefaultImage\" title=\"deko_8898\" \/><\/li>\n                <li style=\"display: none; width: 100%;\" class=\"slide-2779 ms-image \" aria-roledescription=\"slide\" data-date=\"2019-09-24 21:55:36\" data-filename=\"deko_8914-600x400.jpg\" data-slide-type=\"image\"><img loading=\"lazy\" decoding=\"async\" src=\"https:\/\/Hochzeit.marjenau.de\/wp-content\/uploads\/2019\/09\/deko_8914-600x400.jpg\" height=\"400\" width=\"600\" alt=\"\" class=\"slider-2730 slide-2779 msDefaultImage\" title=\"deko_8914\" \/><\/li>\n                <li style=\"display: none; width: 100%;\" class=\"slide-2780 ms-image \" aria-roledescription=\"slide\" data-date=\"2019-09-24 21:55:36\" data-filename=\"deko_8917-600x400.jpg\" data-slide-type=\"image\"><img loading=\"lazy\" decoding=\"async\" src=\"https:\/\/Hochzeit.marjenau.de\/wp-content\/uploads\/2019\/09\/deko_8917-600x400.jpg\" height=\"400\" width=\"600\" alt=\"\" class=\"slider-2730 slide-2780 msDefaultImage\" title=\"deko_8917\" \/><\/li>\n                <li style=\"display: none; width: 100%;\" class=\"slide-2782 ms-image \" aria-roledescription=\"slide\" data-date=\"2019-09-24 21:55:36\" data-filename=\"misc_Karten_Timeline.jpg-600x400.jpg\" data-slide-type=\"image\"><img loading=\"lazy\" decoding=\"async\" src=\"https:\/\/Hochzeit.marjenau.de\/wp-content\/uploads\/2019\/09\/misc_Karten_Timeline.jpg-600x400.jpg\" height=\"400\" width=\"600\" alt=\"\" class=\"slider-2730 slide-2782 msDefaultImage\" title=\"misc_Karten_Timeline.jpg\" \/><\/li>\n                <li style=\"display: none; width: 100%;\" class=\"slide-2788 ms-image \" aria-roledescription=\"slide\" data-date=\"2019-09-24 21:55:37\" data-filename=\"misc_wilkommen.JPG-600x400.jpg\" data-slide-type=\"image\"><img loading=\"lazy\" decoding=\"async\" src=\"https:\/\/Hochzeit.marjenau.de\/wp-content\/uploads\/2019\/09\/misc_wilkommen.JPG-600x400.jpg\" height=\"400\" width=\"600\" alt=\"\" class=\"slider-2730 slide-2788 msDefaultImage\" title=\"misc_wilkommen.JPG\" \/><\/li>\n            <\/ul>\n        <\/div>\n        \n    <\/div>\n<\/div><\/p>\n<blockquote><p><span style=\"font-family: Handlee;\">Ich darf mich gl\u00fccklich sch\u00e4tzen eine Fr<\/span><span style=\"font-family: Handlee;\">au zu haben, die so ein H\u00e4ndchen f\u00fcr Deko hat und dazu auch noch eine Wahnsinnsgeduld an den Tag legt!<\/span><\/p>\n<p style=\"text-align: center;\"><span style=\"font-family: Handlee; font-size: 14pt; color: #800000;\">Wie kann man nur so viele Stuhlschleifen b\u00fcgeln?<\/span><\/p>\n<p>[ngg src=&#8220;galleries&#8220; ids=&#8220;4&#8243; display=&#8220;basic_thumbnail&#8220; thumbnail_crop=&#8220;0&#8243;]<\/p><\/blockquote>\n<p>&nbsp;<\/p>\n<p style=\"text-align: center;\"><span style=\"font-family: Handlee; font-size: 24pt; color: #800000;\">Die M\u00fche hat sich gel<\/span><a href=\"https:\/\/Hochzeit.marjenau.de\/wp-content\/uploads\/2019\/09\/misc_deko_villa.jpg\"><span style=\"font-family: Handlee; font-size: 24pt; color: #800000;\">ohnt!<\/span><img loading=\"lazy\" decoding=\"async\" class=\"alignnone size-large wp-image-1797 aligncenter\" src=\"https:\/\/Hochzeit.marjenau.de\/wp-content\/uploads\/2019\/09\/misc_deko_villa-1024x683.jpg\" alt=\"\" width=\"720\" height=\"480\" srcset=\"https:\/\/Hochzeit.marjenau.de\/wp-content\/uploads\/2019\/09\/misc_deko_villa-1024x683.jpg 1024w, https:\/\/Hochzeit.marjenau.de\/wp-content\/uploads\/2019\/09\/misc_deko_villa-300x200.jpg 300w, https:\/\/Hochzeit.marjenau.de\/wp-content\/uploads\/2019\/09\/misc_deko_villa-768x512.jpg 768w, https:\/\/Hochzeit.marjenau.de\/wp-content\/uploads\/2019\/09\/misc_deko_villa-200x133.jpg 200w, https:\/\/Hochzeit.marjenau.de\/wp-content\/uploads\/2019\/09\/misc_deko_villa-900x600.jpg 900w, https:\/\/Hochzeit.marjenau.de\/wp-content\/uploads\/2019\/09\/misc_deko_villa-1500x1000.jpg 1500w\" sizes=\"auto, (max-width: 720px) 100vw, 720px\" \/><\/a><\/p>\n<p style=\"text-align: center;\">&nbsp;<\/p>\n","protected":false},"excerpt":{"rendered":"<p>Ich darf mich gl\u00fccklich sch\u00e4tzen eine Frau zu haben, die so ein H\u00e4ndchen f\u00fcr Deko hat und dazu auch noch eine Wahnsinnsgeduld an den Tag legt! Wie kann man nur so viele Stuhlschleifen b\u00fcgeln? [ngg src=&#8220;galleries&#8220; ids=&#8220;4&#8243; display=&#8220;basic_thumbnail&#8220; thumbnail_crop=&#8220;0&#8243;] &nbsp; Die M\u00fche hat sich gelohnt! &nbsp;<\/p>\n","protected":false},"author":1,"featured_media":0,"parent":2036,"menu_order":0,"comment_status":"closed","ping_status":"closed","template":"","meta":{"footnotes":""},"class_list":["post-1748","page","type-page","status-publish","hentry"],"_links":{"self":[{"href":"https:\/\/Hochzeit.marjenau.de\/index.php\/wp-json\/wp\/v2\/pages\/1748","targetHints":{"allow":["GET"]}}],"collection":[{"href":"https:\/\/Hochzeit.marjenau.de\/index.php\/wp-json\/wp\/v2\/pages"}],"about":[{"href":"https:\/\/Hochzeit.marjenau.de\/index.php\/wp-json\/wp\/v2\/types\/page"}],"author":[{"embeddable":true,"href":"https:\/\/Hochzeit.marjenau.de\/index.php\/wp-json\/wp\/v2\/users\/1"}],"replies":[{"embeddable":true,"href":"https:\/\/Hochzeit.marjenau.de\/index.php\/wp-json\/wp\/v2\/comments?post=1748"}],"version-history":[{"count":11,"href":"https:\/\/Hochzeit.marjenau.de\/index.php\/wp-json\/wp\/v2\/pages\/1748\/revisions"}],"predecessor-version":[{"id":3352,"href":"https:\/\/Hochzeit.marjenau.de\/index.php\/wp-json\/wp\/v2\/pages\/1748\/revisions\/3352"}],"up":[{"embeddable":true,"href":"https:\/\/Hochzeit.marjenau.de\/index.php\/wp-json\/wp\/v2\/pages\/2036"}],"wp:attachment":[{"href":"https:\/\/Hochzeit.marjenau.de\/index.php\/wp-json\/wp\/v2\/media?parent=1748"}],"curies":[{"name":"wp","href":"https:\/\/api.w.org\/{rel}","templated":true}]}}